{"id":168,"date":"2021-10-24T17:20:48","date_gmt":"2021-10-24T17:20:48","guid":{"rendered":"https:\/\/kkp.uni-ak.ac.at\/?page_id=168"},"modified":"2026-04-29T10:50:09","modified_gmt":"2026-04-29T10:50:09","slug":"website-in-arbeit","status":"publish","type":"page","link":"https:\/\/kkp.uni-ak.ac.at\/en\/","title":{"rendered":"Art and Communication Practices"},"content":{"rendered":"<h2 class=\"wp-block-heading\">Sofia Bempeza &amp; Annette Krauss (Heads of Department)<\/h2>\n\n\n\n<blockquote class=\"wp-block-quote has-text-align-right is-layout-flow wp-block-quote-is-layout-flow\">\n<blockquote class=\"wp-block-quote is-layout-flow wp-block-quote-is-layout-flow\">\n<p class=\"has-text-align-right\">The lynx\u2019s tail is scratching the love pan.<br>Posthumous creature is silent.<br>Just follow its gestures,<br>plant the words in your mouth,<br>shallow all big theories,<br>salivate your food,<br>learn how to chew.<br>Your sweat is a memory.<br>Your production is cursed.<br>Nothing is broken, except linearity.<br>Unruly parts are not b-r-o-k-e-n.<br>Tiny parts are broken, but no more comparisons.<br>No bodyguards,<br>just bodies defending dirty words,<br>engine fluids,<br>and water.<br><strong>Sofia Bempeza<\/strong><\/p>\n<\/blockquote>\n<\/blockquote>\n\n\n\n<blockquote class=\"wp-block-quote has-text-align-right is-layout-flow wp-block-quote-is-layout-flow\">\n<p class=\"has-text-align-right\"><em>Keine Bildung und Kunst ohne Streben nach sozialer Gerechtigkeit.&nbsp;<\/em><br><em>Diesem Erbe sehe ich mich verpflichtet.<\/em><\/p>\n<cite>Annette Krauss<\/cite><\/blockquote>\n\n\n\n<p><br><\/p>\n\n\n\n<h2 class=\"wp-block-heading\"><strong>Studying at the department KKP, <\/strong>students engage with artistic and art pedagogical practices that are sensitive to differences within teaching and learning processes. In this context students develop artistic\/educational work, and consider the socio-political conditions in which artistic\/educational projects take place, how they are produced and located. In this way, students get prepared to read images, texts and practices of today's societies from within artistic practice with regard to changing subjectivities, migration, climate change, ecosystems, digitalisation, and the changes in the labor market and the education system. They learn to act in them and co-shape these.&nbsp;<\/h2>\n\n\n\n<h3 class=\"wp-block-heading\"><strong>The syllabus <\/strong>umfasst unterschiedliche Seminare und k\u00fcnstlerische Positionen, die das Feld der&nbsp; Kunst, der Kunstp\u00e4dagogik und der digitalen\/visuellen Kulturen als kritisches Denken und Handeln sowie als experimentelle Praxis verstehen. Das KKP Team besteht aus ca. 20 K\u00fcnstler*innen unter der Leitung von Univ. Prof. Sofia Bempeza und Univ. Prof. Annette Krauss. Lehrende und Studierende entwickeln ihre eigene Praxis mit Fokus auf k\u00fcnstlerisch-edukativen, visuellen und performativen Herangehensweisen, die zu einem kritischen und engagierten Umgang unter anderem mit Wissens- und Bildproduktion bef\u00e4higen.Wir gestalten die Lehre von Kunst und kommunikativer Praxis als unvollst\u00e4ndigen Prozess, in dem performativ, affektiv und kollaborativ Wissen und k\u00fcnstlerische Praktiken erprobt werden. Dabei geht es nicht nur um das Ent-\u00fcben von (unseren) Denk-, Handlungs- und Wahrnehmungsmustern in sozialen, \u00f6konomischen, und geopolitischen Kontexten, sondern auch um das Mit-Gestalten von sorgetragenden gesellschaftlichen Prozessen. Daran arbeiten wir k\u00fcnstlerisch, situiert und polyphon weiter.<\/h3>\n\n\n\n<h2 class=\"wp-block-heading has-text-align-center\">\u22c7 Polyphony\u2003\u22d2 Situatedness\u2003\u2314 \u2366 \u2314 Affect\u2003\u22b1 Ecologies<br>\u22ef Collectivity\u2003\u2695\ufe0e \u235c Metaskills<\/h2>\n\n\n\n<p class=\"has-text-align-center\"><\/p>\n\n\n\n<h3 class=\"wp-block-heading\"><strong>We build on<\/strong> practical knowledge transfer and the continuity of the KKP studies as developed over many years by Barbara Putz-Plecko and the KKP team, most notably focusing on transdisciplinary work in the field of artistic and educational training. Moreover, visiting artists and cultural workers offer various impulses with regard to current art practices and visual cultures. Visiting professors in the last fifteen years have been: Danica Daki\u0107, Werner Feiersinger, Imogen Stidworthy, Michael Kienzer, Simon Wachsmuth, Carola Dertnig, Anette Baldauf, Wendelien van Oldenborgh, Helmut Draxler, Lindsay Seers, Robert Del Tredici, Pierre H\u00e9bert, Prinzgau Podgorschek, Willem Oorebeck, Simonetta Ferfoglia (gangart), Zou Bin, Basak Senova, Ebru Kurbak, Chico Mac Murtrie, Aboubakar Fofana and Isin \u00d6nol.<\/h3>\n\n\n\n<h3 class=\"wp-block-heading\"><strong>Graduates of the department <\/strong>work as educators, artists, and (art) mediators in both formal and informal educational contexts: as art educators at secondary schools and in tertiary education, in art and cultural mediation\u2014for example in art and cultural spaces, museums, and galleries\u2014and they develop new practices at the intersections of art and culture, science, education, and society.\nThrough additional guest semesters at international universities and through students\u2019 participation in the department\u2019s interdisciplinary, transdisciplinary, and transcultural projects, they gain access to a broad and diverse field of experience and activity from multiple perspectives.<strong>.<\/strong><\/h3>\n\n\n\n<h3 class=\"wp-block-heading\">The Department of Art and Communication Practices is part of the <a href=\"https:\/\/www.dieangewandte.at\/institute\/kunstwissenschaften_kunstpaedagogik_und_kunstvermittlung\/institut_fuer_kunstwissenschaften_kunstpaedagogik_und_kunstvermittlung\" target=\"_blank\" rel=\"noreferrer noopener\">Institute of Studies in Art and Art Education<\/a><br><br><\/h3>\n\n\n\n<figure class=\"wp-block-image size-full\"><img loading=\"lazy\" decoding=\"async\" width=\"1600\" height=\"922\" src=\"https:\/\/kkp.uni-ak.ac.at\/wp-content\/uploads\/2024\/10\/wandbild-2.png\" alt=\"\" class=\"wp-image-2336\" srcset=\"https:\/\/kkp.uni-ak.ac.at\/wp-content\/uploads\/2024\/10\/wandbild-2.png 1600w, https:\/\/kkp.uni-ak.ac.at\/wp-content\/uploads\/2024\/10\/wandbild-2-300x173.png 300w, https:\/\/kkp.uni-ak.ac.at\/wp-content\/uploads\/2024\/10\/wandbild-2-768x443.png 768w, https:\/\/kkp.uni-ak.ac.at\/wp-content\/uploads\/2024\/10\/wandbild-2-1536x885.png 1536w\" sizes=\"auto, (max-width: 706px) 89vw, (max-width: 767px) 82vw, 740px\" \/><\/figure>\n\n\n\n<h2 class=\"wp-block-heading\"><strong>RESEARCH PROJECTS<\/strong><br><br>Ongoing<\/h2>\n\n\n\n<p><a href=\"https:\/\/shaken-grounds.org\/\" data-type=\"link\" data-id=\"https:\/\/shaken-grounds.org\/\" target=\"_blank\" rel=\"noreferrer noopener\">Shaken Grounds: Seismography of Precarious Presences<\/a><br>Projektleitung: Mariella Greil und Lucie Strecker (PEEK AR 780), <br>Angewandte Performance Lab<\/p>\n\n\n\n<h2 class=\"wp-block-heading\">Completed<\/h2>\n\n\n\n<p><a href=\"https:\/\/www.spacex-rise.org\" target=\"_blank\" rel=\"noreferrer noopener\">SPACEX \u2013 Spatial Practices in Art &amp; ArChitecture for Empathetic EXchange<\/a><br>Projektleitung: Barbara Holub <br>(EU Horizon H2020-MSCA-RISE-2019, project nr. 872561)<\/p>\n\n\n\n<p><a href=\"https:\/\/www.dieangewandte.at\/jart\/prj3\/angewandte-2016\/main.jart?rel=de&amp;reserve-mode=active&amp;content-id=1456265464955&amp;projekt_id=1551192322327\" target=\"_blank\" rel=\"noreferrer noopener\">Choreo-ethische Assemblages: Erz\u00e4hlungen blo\u00dfer K\u00f6rper<\/a><br>Projektleitung: Mariella Greil-M\u00f6bius<br>Austrian Science Fund (FWF): V 733 Richter-Programm (incl. Richter-PEEK)<\/p>\n\n\n\n<p><a href=\"https:\/\/www.dieangewandte.at\/jart\/prj3\/angewandte-2016\/main.jart?rel=de&amp;reserve-mode=active&amp;content-id=1456265464955&amp;projekt_kategorie_id=1461046071737\" target=\"_blank\" rel=\"noreferrer noopener\">A Research of Doing<\/a><br>Projektleitung: Assoc. Prof. Dr. Basak Senova und Dr. Johan Thom<br>OeAD Africa-UniNet und BMBWF: P017_South Africa\/ A Research of Doing\/ University of Applied Arts Vienna, University of Pretoria<\/p>\n\n\n\n<p><a href=\"https:\/\/www.dieangewandte.at\/jart\/prj3\/angewandte-2016\/main.jart?rel=de&amp;reserve-mode=active&amp;content-id=1609322325708&amp;projekt_id=1609322330691\" target=\"_blank\" rel=\"noreferrer noopener\">Passenger Diaries<\/a><br>INTRA Projekt 2020: Mariella Greil<\/p>\n\n\n\n<p><a href=\"\/\/www.dieangewandte.at\/jart\/prj3\/angewandte-2016\/main.jart?rel=de&amp;reserve-mode=active&amp;content-id=1609322325708&amp;projekt_id=1609322330689\" target=\"_blank\" rel=\"noreferrer noopener\">Sounding Research<\/a><br>INTRA&nbsp; Projekt 2020: Ricarda Denzer<\/p>\n\n\n\n<p><a href=\"https:\/\/theoctopusprogramme.uni-ak.ac.at\/\" target=\"_blank\" rel=\"noreferrer noopener\">The Octopus Programme<\/a><br>Programmleitung: Basak Senova<\/p>\n\n\n\n<p><a href=\"https:\/\/gesture-media-politics.de\/\" target=\"_blank\" rel=\"noreferrer noopener\">The Entanglement between Gesture, Media, and Politics<\/a><br>Arts &amp; Science in Motion (Volkswagen-Stiftung): Florian Bettel, Konrad Strutz<br>(at the Braunschweig University of Art with Irina Kaldrack)<br><br><\/p>","protected":false},"excerpt":{"rendered":"<p>Sofia Bempeza &amp; Annette Krauss (Leitung) Keine Bildung und Kunst ohne Streben nach sozialer Gerechtigkeit.&nbsp;Diesem Erbe sehe ich mich verpflichtet. Annette Krauss Das KKP Studium beruht auf k\u00fcnstlerischen und kunstp\u00e4dagogischen Praktiken, die als M\u00f6glichkeiten f\u00fcr Differenzerfahrungen innerhalb von Lehr- und Lernprozessen dienen. Es geht einerseits um die Entwicklung von k\u00fcnstlerischem\/edukativem Arbeiten, und andererseits um die &hellip; <\/p>\n<p class=\"link-more\"><a href=\"https:\/\/kkp.uni-ak.ac.at\/en\/\" class=\"more-link\">Continue reading<span class=\"screen-reader-text\"> &#8222;Kunst und Kommunikative Praxis&#8220;<\/span><\/a><\/p>","protected":false},"author":1,"featured_media":0,"parent":0,"menu_order":0,"comment_status":"closed","ping_status":"closed","template":"","meta":{"inline_featured_image":false,"footnotes":""},"class_list":["post-168","page","type-page","status-publish","hentry"],"_links":{"self":[{"href":"https:\/\/kkp.uni-ak.ac.at\/en\/wp-json\/wp\/v2\/pages\/168","targetHints":{"allow":["GET"]}}],"collection":[{"href":"https:\/\/kkp.uni-ak.ac.at\/en\/wp-json\/wp\/v2\/pages"}],"about":[{"href":"https:\/\/kkp.uni-ak.ac.at\/en\/wp-json\/wp\/v2\/types\/page"}],"author":[{"embeddable":true,"href":"https:\/\/kkp.uni-ak.ac.at\/en\/wp-json\/wp\/v2\/users\/1"}],"replies":[{"embeddable":true,"href":"https:\/\/kkp.uni-ak.ac.at\/en\/wp-json\/wp\/v2\/comments?post=168"}],"version-history":[{"count":93,"href":"https:\/\/kkp.uni-ak.ac.at\/en\/wp-json\/wp\/v2\/pages\/168\/revisions"}],"predecessor-version":[{"id":4619,"href":"https:\/\/kkp.uni-ak.ac.at\/en\/wp-json\/wp\/v2\/pages\/168\/revisions\/4619"}],"wp:attachment":[{"href":"https:\/\/kkp.uni-ak.ac.at\/en\/wp-json\/wp\/v2\/media?parent=168"}],"curies":[{"name":"wp","href":"https:\/\/api.w.org\/{rel}","templated":true}]}}

<h2 class="wp-block-heading">Sofia Bempeza &amp; Annette Krauss (Heads of Department)</h2>



<blockquote class="wp-block-quote has-text-align-right is-layout-flow wp-block-quote-is-layout-flow">
<blockquote class="wp-block-quote is-layout-flow wp-block-quote-is-layout-flow">
<p class="has-text-align-right">The lynx’s tail is scratching the love pan.<br>Posthumous creature is silent.<br>Just follow its gestures,<br>plant the words in your mouth,<br>shallow all big theories,<br>salivate your food,<br>learn how to chew.<br>Your sweat is a memory.<br>Your production is cursed.<br>Nothing is broken, except linearity.<br>Unruly parts are not b-r-o-k-e-n.<br>Tiny parts are broken, but no more comparisons.<br>No bodyguards,<br>just bodies defending dirty words,<br>engine fluids,<br>and water.<br><strong>Sofia Bempeza</strong></p>
</blockquote>
</blockquote>



<blockquote class="wp-block-quote has-text-align-right is-layout-flow wp-block-quote-is-layout-flow">
<p class="has-text-align-right"><em>Keine Bildung und Kunst ohne Streben nach sozialer Gerechtigkeit.&nbsp;</em><br><em>Diesem Erbe sehe ich mich verpflichtet.</em></p>
<cite>Annette Krauss</cite></blockquote>



<p><br></p>



<h2 class="wp-block-heading"><strong>Studying at the department KKP, </strong>students engage with artistic and art pedagogical practices that are sensitive to differences within teaching and learning processes. In this context students develop artistic/educational work, and consider the socio-political conditions in which artistic/educational projects take place, how they are produced and located. In this way, students get prepared to read images, texts and practices of today's societies from within artistic practice with regard to changing subjectivities, migration, climate change, ecosystems, digitalisation, and the changes in the labor market and the education system. They learn to act in them and co-shape these.&nbsp;</h2>



<h3 class="wp-block-heading"><strong>The syllabus </strong>umfasst unterschiedliche Seminare und künstlerische Positionen, die das Feld der&nbsp; Kunst, der Kunstpädagogik und der digitalen/visuellen Kulturen als kritisches Denken und Handeln sowie als experimentelle Praxis verstehen. Das KKP Team besteht aus ca. 20 Künstler*innen unter der Leitung von Univ. Prof. Sofia Bempeza und Univ. Prof. Annette Krauss. Lehrende und Studierende entwickeln ihre eigene Praxis mit Fokus auf künstlerisch-edukativen, visuellen und performativen Herangehensweisen, die zu einem kritischen und engagierten Umgang unter anderem mit Wissens- und Bildproduktion befähigen.Wir gestalten die Lehre von Kunst und kommunikativer Praxis als unvollständigen Prozess, in dem performativ, affektiv und kollaborativ Wissen und künstlerische Praktiken erprobt werden. Dabei geht es nicht nur um das Ent-üben von (unseren) Denk-, Handlungs- und Wahrnehmungsmustern in sozialen, ökonomischen, und geopolitischen Kontexten, sondern auch um das Mit-Gestalten von sorgetragenden gesellschaftlichen Prozessen. Daran arbeiten wir künstlerisch, situiert und polyphon weiter.</h3>



<h2 class="wp-block-heading has-text-align-center">⋇ Polyphony ⋒ Situatedness ⌔ ⍦ ⌔ Affect ⊱ Ecologies<br>⋯ Collectivity ⚕︎ ⍜ Metaskills</h2>



<p class="has-text-align-center"></p>



<h3 class="wp-block-heading"><strong>We build on</strong> practical knowledge transfer and the continuity of the KKP studies as developed over many years by Barbara Putz-Plecko and the KKP team, most notably focusing on transdisciplinary work in the field of artistic and educational training. Moreover, visiting artists and cultural workers offer various impulses with regard to current art practices and visual cultures. Visiting professors in the last fifteen years have been: Danica Dakić, Werner Feiersinger, Imogen Stidworthy, Michael Kienzer, Simon Wachsmuth, Carola Dertnig, Anette Baldauf, Wendelien van Oldenborgh, Helmut Draxler, Lindsay Seers, Robert Del Tredici, Pierre Hébert, Prinzgau Podgorschek, Willem Oorebeck, Simonetta Ferfoglia (gangart), Zou Bin, Basak Senova, Ebru Kurbak, Chico Mac Murtrie, Aboubakar Fofana and Isin Önol.</h3>



<h3 class="wp-block-heading"><strong>Graduates of the department </strong>work as educators, artists, and (art) mediators in both formal and informal educational contexts: as art educators at secondary schools and in tertiary education, in art and cultural mediation—for example in art and cultural spaces, museums, and galleries—and they develop new practices at the intersections of art and culture, science, education, and society.
Through additional guest semesters at international universities and through students’ participation in the department’s interdisciplinary, transdisciplinary, and transcultural projects, they gain access to a broad and diverse field of experience and activity from multiple perspectives.<strong>.</strong></h3>



<h3 class="wp-block-heading">The Department of Art and Communication Practices is part of the <a href="https://www.dieangewandte.at/institute/kunstwissenschaften_kunstpaedagogik_und_kunstvermittlung/institut_fuer_kunstwissenschaften_kunstpaedagogik_und_kunstvermittlung" target="_blank" rel="noreferrer noopener">Institute of Studies in Art and Art Education</a><br><br></h3>



<figure class="wp-block-image size-full"><img loading="lazy" decoding="async" width="1600" height="922" src="https://kkp.uni-ak.ac.at/wp-content/uploads/2024/10/wandbild-2.png" alt="" class="wp-image-2336" srcset="https://kkp.uni-ak.ac.at/wp-content/uploads/2024/10/wandbild-2.png 1600w, https://kkp.uni-ak.ac.at/wp-content/uploads/2024/10/wandbild-2-300x173.png 300w, https://kkp.uni-ak.ac.at/wp-content/uploads/2024/10/wandbild-2-768x443.png 768w, https://kkp.uni-ak.ac.at/wp-content/uploads/2024/10/wandbild-2-1536x885.png 1536w" sizes="auto, (max-width: 706px) 89vw, (max-width: 767px) 82vw, 740px" /></figure>



<h2 class="wp-block-heading"><strong>RESEARCH PROJECTS</strong><br><br>Ongoing</h2>



<p><a href="https://shaken-grounds.org/" data-type="link" data-id="https://shaken-grounds.org/" target="_blank" rel="noreferrer noopener">Shaken Grounds: Seismography of Precarious Presences</a><br>Projektleitung: Mariella Greil und Lucie Strecker (PEEK AR 780), <br>Angewandte Performance Lab</p>



<h2 class="wp-block-heading">Completed</h2>



<p><a href="https://www.spacex-rise.org" target="_blank" rel="noreferrer noopener">SPACEX – Spatial Practices in Art &amp; ArChitecture for Empathetic EXchange</a><br>Projektleitung: Barbara Holub <br>(EU Horizon H2020-MSCA-RISE-2019, project nr. 872561)</p>



<p><a href="https://www.dieangewandte.at/jart/prj3/angewandte-2016/main.jart?rel=de&amp;reserve-mode=active&amp;content-id=1456265464955&amp;projekt_id=1551192322327" target="_blank" rel="noreferrer noopener">Choreo-ethische Assemblages: Erzählungen bloßer Körper</a><br>Projektleitung: Mariella Greil-Möbius<br>Austrian Science Fund (FWF): V 733 Richter-Programm (incl. Richter-PEEK)</p>



<p><a href="https://www.dieangewandte.at/jart/prj3/angewandte-2016/main.jart?rel=de&amp;reserve-mode=active&amp;content-id=1456265464955&amp;projekt_kategorie_id=1461046071737" target="_blank" rel="noreferrer noopener">A Research of Doing</a><br>Projektleitung: Assoc. Prof. Dr. Basak Senova und Dr. Johan Thom<br>OeAD Africa-UniNet und BMBWF: P017_South Africa/ A Research of Doing/ University of Applied Arts Vienna, University of Pretoria</p>



<p><a href="https://www.dieangewandte.at/jart/prj3/angewandte-2016/main.jart?rel=de&amp;reserve-mode=active&amp;content-id=1609322325708&amp;projekt_id=1609322330691" target="_blank" rel="noreferrer noopener">Passenger Diaries</a><br>INTRA Projekt 2020: Mariella Greil</p>



<p><a href="//www.dieangewandte.at/jart/prj3/angewandte-2016/main.jart?rel=de&amp;reserve-mode=active&amp;content-id=1609322325708&amp;projekt_id=1609322330689" target="_blank" rel="noreferrer noopener">Sounding Research</a><br>INTRA&nbsp; Projekt 2020: Ricarda Denzer</p>



<p><a href="https://theoctopusprogramme.uni-ak.ac.at/" target="_blank" rel="noreferrer noopener">The Octopus Programme</a><br>Programmleitung: Basak Senova</p>



<p><a href="https://gesture-media-politics.de/" target="_blank" rel="noreferrer noopener">The Entanglement between Gesture, Media, and Politics</a><br>Arts &amp; Science in Motion (Volkswagen-Stiftung): Florian Bettel, Konrad Strutz<br>(at the Braunschweig University of Art with Irina Kaldrack)<br><br></p>

<p>Sofia Bempeza &amp; Annette Krauss (Leitung) Keine Bildung und Kunst ohne Streben nach sozialer Gerechtigkeit.&nbsp;Diesem Erbe sehe ich mich verpflichtet. Annette Krauss Das KKP Studium beruht auf künstlerischen und kunstpädagogischen Praktiken, die als Möglichkeiten für Differenzerfahrungen innerhalb von Lehr- und Lernprozessen dienen. Es geht einerseits um die Entwicklung von künstlerischem/edukativem Arbeiten, und andererseits um die &hellip; </p>
<p class="link-more"><a href="https://kkp.uni-ak.ac.at/en/" class="more-link">Continue reading<span class="screen-reader-text"> &#8222;Kunst und Kommunikative Praxis&#8220;</span></a></p>
